{"id":7718,"date":"2021-01-25T19:43:45","date_gmt":"2021-01-25T19:43:45","guid":{"rendered":"https:\/\/biovacperu.com\/oficial\/?page_id=7718"},"modified":"2025-09-04T21:40:29","modified_gmt":"2025-09-04T21:40:29","slug":"adultos","status":"publish","type":"page","link":"https:\/\/biovacperu.com\/oficial\/adultos\/","title":{"rendered":"Adultos"},"content":{"rendered":"<div class=\"wpb-content-wrapper\"><p>[vc_row][vc_column width=\u00bb1\/2&#8243;][vc_single_image image=\u00bb7955&#8243; img_size=\u00bbfull\u00bb][vc_row_inner][vc_column_inner width=\u00bb1\/2&#8243;][vc_btn title=\u00bbSolic\u00edtala a domicilio\u00bb color=\u00bbgreen\u00bb size=\u00bblg\u00bb align=\u00bbright\u00bb css=\u00bb\u00bb link=\u00bburl:https%3A%2F%2Fwa.link%2Fx8awii|target:_blank\u00bb][\/vc_column_inner][vc_column_inner width=\u00bb1\/2&#8243;][vc_btn title=\u00bbAgenda tu cita en sedes\u00bb color=\u00bbsky\u00bb size=\u00bblg\u00bb css=\u00bb\u00bb link=\u00bburl:https%3A%2F%2Fbiovacperu.com%2Fcitas%2F|target:_blank\u00bb][\/vc_column_inner][\/vc_row_inner][\/vc_column][vc_column width=\u00bb1\/2&#8243;][vc_column_text css=\u00bb\u00bb]<\/p>\n<h2>VPH<\/h2>\n<p><em>Virus del Papiloma Humano<\/em><\/p>\n<p>A partir de los 15 a\u00f1os a m\u00e1s\u00a0 son 3 dosis con un intervalo de 0, 2 y 6 meses.<\/p>\n<p>Es un grupo diverso de virus ADN perteneciente a la familia de los Papillomaviridae y representan una de las enfermedades de transmisi\u00f3n sexual m\u00e1s com\u00fan, conoci\u00e9ndose m\u00e1s de 100 tipos virales que, en relaci\u00f3n a su patogenia oncol\u00f3gica, se clasifican en tipos de alto y de bajo riesgo oncol\u00f3gico. La Agencia Internacional de Investigaci\u00f3n del C\u00e1ncer (IARC) considera que los tipos de VPH 16, 18, 31, 33, 35, 39, 45, 51, 52, 56, 58, 59 y 66 son carcin\u00f3genos para los humanos (tipos de alto riesgo oncol\u00f3gico) y que otros tipos, incluidos el VPH 6 y el VPH 11, son posibles carcin\u00f3genos para los humanos (tipos de bajo riesgo oncol\u00f3gico).[\/vc_column_text][vc_tta_accordion][vc_tta_section title=\u00bb\u00bfCu\u00e1l es el mejor momento para vacunarse?\u00bb tab_id=\u00bb1618434070709-58d991f5-566a\u00bb][vc_column_text css=\u00bb\u00bb]El momento ideal para vacunarse contra los VPH oncog\u00e9nicos es antes del inicio de la actividad sexual. Sin embargo, dado que el riesgo de infecci\u00f3n con VPH oncog\u00e9nicos persiste durante toda la vida de la mujer, la vacunaci\u00f3n sigue siendo una herramienta de prevenci\u00f3n importante, aun despu\u00e9s del inicio de la vida sexual.[\/vc_column_text][\/vc_tta_section][vc_tta_section title=\u00bb\u00bfC\u00f3mo se contagia el VPH y qui\u00e9n tiene m\u00e1s riesgo de padecer c\u00e1ncer?\u00bb tab_id=\u00bb1618434070710-2136075e-7f1f\u00bb][vc_column_text css=\u00bb\u00bb]El papiloma virus se contagia por medio de las relaciones sexuales. La probabilidad de desarrollo de c\u00e1ncer es mayor cuanto m\u00e1s precoz sea el inicio de estas relaciones y mayor el n\u00famero de parejas. Tambi\u00e9n influyen otros factores como el tabaquismo y los problemas inmunitarios.[\/vc_column_text][\/vc_tta_section][\/vc_tta_accordion][\/vc_column][\/vc_row][vc_row css=\u00bb.vc_custom_1757021686919{padding-top: 0px !important;padding-bottom: 0px !important;}\u00bb][vc_column][vc_separator css=\u00bb.vc_custom_1757021671543{margin-bottom: 0px !important;}\u00bb][\/vc_column][\/vc_row][vc_row][vc_column width=\u00bb1\/2&#8243;][vc_single_image image=\u00bb7952&#8243; img_size=\u00bbfull\u00bb][\/vc_column][vc_column width=\u00bb1\/2&#8243;][vc_column_text css=\u00bb\u00bb]<\/p>\n<h2>Neumococo.<\/h2>\n<p><em>Prot\u00e9gete contra la neumon\u00eda<\/em><br \/>\nEs una bacteria (Streptococcus Pneumoniae), que puede producir infecciones graves. Existen m\u00e1s de 90 variedades (serotipos) de neumococo, de los que solo algunos pueden producir infecciones en los seres humanos.[\/vc_column_text][vc_tta_accordion][vc_tta_section title=\u00bb\u00bfC\u00f3mo se contagia esta enfermedad?\u00bb tab_id=\u00bb1618434343865-9c3544e7-e0ab\u00bb][vc_column_text css=\u00bb\u00bb]Esta bacteria se encuentra habitualmente en la nariz y en la garganta, sobre todo de ni\u00f1os peque\u00f1os, en los que hasta la mitad son portadores, o sea, que lo tienen y lo transportan aunque no les produzca enfermedad. La bacteria entra por la boca o la nariz y desde all\u00ed puede invadir el o\u00eddo, el pulm\u00f3n, la sangre o las meninges, y causar enfermedad. Los ni\u00f1os pueden f\u00e1cilmente diseminar esta enfermedad a otros ni\u00f1os a trav\u00e9s de gotas de saliva, mediante el estornudo o el contacto de la mano con la boca.[\/vc_column_text][\/vc_tta_section][vc_tta_section title=\u00bb\u00bfQu\u00e9 enfermedad produce el Neumococo?\u00bb tab_id=\u00bb1618434343866-8c8e31e7-3c30&#8243;][vc_column_text css=\u00bb\u00bb]El neumococo puede causar enfermedades como:<\/p>\n<p>Otitis media; infecci\u00f3n e inflamaci\u00f3n del o\u00eddo medio. Se manifiesta como intenso dolor acompa\u00f1ado de fiebre y malestar general. Si no es tratada r\u00e1pidamente, puede llevar a la ruptura del t\u00edmpano y dejar secuelas como sordera.<\/p>\n<p>Septicemia; diseminaci\u00f3n de las bacterias a trav\u00e9s de la sangre, que al no ser neutralizadas por el sistema inmunol\u00f3gico, comprometen seriamente a todo el organismo, especialmente \u00f3rganos vitales como el cerebro, coraz\u00f3n y ri\u00f1ones.<\/p>\n<p>Neumon\u00eda; es una infecci\u00f3n al pulm\u00f3n que compromete seriamente las v\u00edas respiratorias, se manifiesta con tos, expectoraci\u00f3n, fiebre, decaimiento, malestar general y dificultad para respirar.<\/p>\n<p>Meningitis; infecci\u00f3n e inflamaci\u00f3n de las membranas que recubren el cerebro, las formas mas severas de meningitis pueden llevar a la muerte o dejar secuelas serias, como alteraciones de las capacidades motrices.[\/vc_column_text][\/vc_tta_section][\/vc_tta_accordion][vc_row_inner][vc_column_inner width=\u00bb1\/2&#8243;][vc_btn title=\u00bbSolic\u00edtala a domicilio\u00bb color=\u00bbgreen\u00bb size=\u00bblg\u00bb align=\u00bbright\u00bb css=\u00bb\u00bb link=\u00bburl:https%3A%2F%2Fwa.link%2Fx8awii|target:_blank\u00bb][\/vc_column_inner][vc_column_inner width=\u00bb1\/2&#8243;][vc_btn title=\u00bbAgenda tu cita en sedes\u00bb color=\u00bbsky\u00bb size=\u00bblg\u00bb css=\u00bb\u00bb link=\u00bburl:https%3A%2F%2Fbiovacperu.com%2Fcitas%2F|target:_blank\u00bb][\/vc_column_inner][\/vc_row_inner][\/vc_column][\/vc_row][vc_row css=\u00bb.vc_custom_1757021800031{padding-top: 0px !important;padding-bottom: 0px !important;}\u00bb][vc_column][vc_separator css=\u00bb.vc_custom_1757021671543{margin-bottom: 0px !important;}\u00bb][\/vc_column][\/vc_row][vc_row][vc_column width=\u00bb1\/2&#8243;][vc_single_image image=\u00bb7950&#8243; img_size=\u00bbfull\u00bb][\/vc_column][vc_column width=\u00bb1\/2&#8243;][vc_column_text css=\u00bb\u00bb]<\/p>\n<h2>DPT<\/h2>\n<p><em>Difteria, T\u00e9tanos y Pertussis<\/em><\/p>\n<p>La vacuna DPT o triple bacteriana, contiene los toxoides dift\u00e9rico (contra la Difteria) y tet\u00e1nico (contra el t\u00e9tanos), as\u00ed como fragmentos de prote\u00edna de la bacteria\u00a0<em>Bordetella pertussis<\/em>\u00a0causante de la Tos ferina.<\/p>\n<p><strong>DIFTERIA<\/strong> (D) puede ocasionar problemas para respirar, par\u00e1lisis y falla card\u00edaca.<\/p>\n<p><strong>T\u00c9TANOS<\/strong> (T) ocasiona la rigidez dolorosa de los m\u00fasculos. Puede ocasionar el &#8216;cierre&#8217; de la mand\u00edbula as\u00ed que no puede abrir su boca ni tragar.<\/p>\n<p><strong>TOS FERINA<\/strong> (aP), ocasiona ataques de tos tan fuertes que es dif\u00edcil para los ni\u00f1os comer, tomar l\u00edquidos o respirar.<\/p>\n<p>[\/vc_column_text][vc_row_inner][vc_column_inner width=\u00bb1\/2&#8243;][vc_btn title=\u00bbSolic\u00edtala a domicilio\u00bb color=\u00bbgreen\u00bb size=\u00bblg\u00bb align=\u00bbright\u00bb css=\u00bb\u00bb link=\u00bburl:https%3A%2F%2Fwa.link%2Fx8awii|target:_blank\u00bb][\/vc_column_inner][vc_column_inner width=\u00bb1\/2&#8243;][vc_btn title=\u00bbAgenda tu cita en sedes\u00bb color=\u00bbsky\u00bb size=\u00bblg\u00bb css=\u00bb\u00bb link=\u00bburl:https%3A%2F%2Fbiovacperu.com%2Fcitas%2F|target:_blank\u00bb][\/vc_column_inner][\/vc_row_inner][\/vc_column][\/vc_row][vc_row css=\u00bb.vc_custom_1757021825903{padding-top: 0px !important;padding-bottom: 0px !important;}\u00bb][vc_column][vc_separator css=\u00bb.vc_custom_1757021671543{margin-bottom: 0px !important;}\u00bb][\/vc_column][\/vc_row][vc_row][vc_column width=\u00bb1\/2&#8243;][vc_single_image image=\u00bb7957&#8243; img_size=\u00bbfull\u00bb][vc_row_inner][vc_column_inner width=\u00bb1\/2&#8243;][vc_btn title=\u00bbSolic\u00edtala a domicilio\u00bb color=\u00bbgreen\u00bb size=\u00bblg\u00bb align=\u00bbright\u00bb css=\u00bb\u00bb link=\u00bburl:https%3A%2F%2Fwa.link%2Fx8awii|target:_blank\u00bb][\/vc_column_inner][vc_column_inner width=\u00bb1\/2&#8243;][vc_btn title=\u00bbAgenda tu cita en sedes\u00bb color=\u00bbsky\u00bb size=\u00bblg\u00bb css=\u00bb\u00bb link=\u00bburl:https%3A%2F%2Fbiovacperu.com%2Fcitas%2F|target:_blank\u00bb][\/vc_column_inner][\/vc_row_inner][\/vc_column][vc_column width=\u00bb1\/2&#8243;][vc_column_text css=\u00bb\u00bb]<\/p>\n<h2>Hepatitis A y B<\/h2>\n<p>La vacuna act\u00faa haciendo que el organismo produzca su propia protecci\u00f3n (anticuerpos) frente a estas enfermedades.<\/p>\n<p><strong>Hepatitis A:<\/strong> La hepatitis A es una enfermedad infecciosa que puede afectar al h\u00edgado. Esta enfermedad est\u00e1 causada por el virus de la hepatitis A. La hepatitis A se puede transmitir de persona a persona a trav\u00e9s de los alimentos y bebidas, o nadando en aguas contaminadas por aguas residuales. Los s\u00edntomas de la hepatitis A comienzan de 3 a 6 semanas despu\u00e9s de entrar en contacto con el virus. \u00c9stos consisten en n\u00e1useas (malestar), fiebre y dolores. Despu\u00e9s de varios d\u00edas el blanco de los ojos y la piel se pueden volver amarillentos (ictericia).<\/p>\n<p><strong>Hepatitis B<\/strong>: La hepatitis B est\u00e1 causada por el virus de la hepatitis B. Causa inflamaci\u00f3n del h\u00edgado. El virus se encuentra en los fluidos corporales como sangre, semen, secreciones vaginales o saliva (esputo) de las personas infectadas.<\/p>\n<p>Se administra 3 dosis:<\/p>\n<ol>\n<li>primera dosis la fecha elegida.<\/li>\n<li>segunda dosis al mes.<\/li>\n<li>tercera dosis a los 6 meses.<\/li>\n<\/ol>\n<p>[\/vc_column_text][\/vc_column][\/vc_row][vc_row css=\u00bb.vc_custom_1757021825903{padding-top: 0px !important;padding-bottom: 0px !important;}\u00bb][vc_column][vc_separator css=\u00bb.vc_custom_1757021671543{margin-bottom: 0px !important;}\u00bb][\/vc_column][\/vc_row][vc_row][vc_column width=\u00bb1\/2&#8243;][vc_single_image image=\u00bb8318&#8243; img_size=\u00bbfull\u00bb][vc_row_inner][vc_column_inner width=\u00bb1\/2&#8243;][vc_btn title=\u00bbSolic\u00edtala a domicilio\u00bb color=\u00bbgreen\u00bb size=\u00bblg\u00bb align=\u00bbright\u00bb css=\u00bb\u00bb link=\u00bburl:https%3A%2F%2Fwa.link%2Fx8awii|target:_blank\u00bb][\/vc_column_inner][vc_column_inner width=\u00bb1\/2&#8243;][vc_btn title=\u00bbAgenda tu cita en sedes\u00bb color=\u00bbsky\u00bb size=\u00bblg\u00bb css=\u00bb\u00bb link=\u00bburl:https%3A%2F%2Fbiovacperu.com%2Fcitas%2F|target:_blank\u00bb][\/vc_column_inner][\/vc_row_inner][\/vc_column][vc_column width=\u00bb1\/2&#8243;][vc_column_text css=\u00bb\u00bb]<\/p>\n<h2>Herpes Z\u00f3ster<\/h2>\n<h4>\u00bfQu\u00e9 es el herpes z\u00f3ster?<\/h4>\n<ul>\n<li>El herpes z\u00f3ster es una erupci\u00f3n con ves\u00edculas, a menudo dolorosa. Suele aparecer en una zona limitada del cuerpo y puede durar varias semanas.<\/li>\n<li>El herpes z\u00f3ster est\u00e1 causado por el mismo virus que causa la varicela.<\/li>\n<li>Despu\u00e9s de haber padecido la varicela, el virus que la caus\u00f3 permanece en su cuerpo, en las <strong>c\u00e9lulas nerviosas<\/strong>.<\/li>\n<li>A veces, tras muchos a\u00f1os, si su sistema inmune (las defensas naturales del cuerpo) se debilita (debido a la edad, a una enfermedad o a un medicamento que est\u00e9 tomando), el virus puede causar herpes z\u00f3ster.<\/li>\n<\/ul>\n<p><strong>RECOMENDADO A PARTIR DE LOS 50 A\u00d1OS DE EDAD<\/strong><\/p>\n<p>Se administra 2 dosis:<\/p>\n<ol>\n<li>primera dosis la fecha elegida<\/li>\n<li>segunda dosis despu\u00e9s de los 2 meses de aplicaci\u00f3n<\/li>\n<\/ol>\n<p>[\/vc_column_text][\/vc_column][\/vc_row]<\/p>\n<\/div>","protected":false},"excerpt":{"rendered":"<p>[vc_row][vc_column width=\u00bb1\/2&#8243;][vc_single_image image=\u00bb7955&#8243; img_size=\u00bbfull\u00bb][vc_row_inner][vc_column_inner width=\u00bb1\/2&#8243;][vc_btn title=\u00bbSolic\u00edtala a domicilio\u00bb color=\u00bbgreen\u00bb size=\u00bblg\u00bb align=\u00bbright\u00bb css=\u00bb\u00bb link=\u00bburl:https%3A%2F%2Fwa.link%2Fx8awii|target:_blank\u00bb][\/vc_column_inner][vc_column_inner width=\u00bb1\/2&#8243;][vc_btn title=\u00bbAgenda tu cita en sedes\u00bb color=\u00bbsky\u00bb size=\u00bblg\u00bb css=\u00bb\u00bb link=\u00bburl:https%3A%2F%2Fbiovacperu.com%2Fcitas%2F|target:_blank\u00bb][\/vc_column_inner][\/vc_row_inner][\/vc_column][vc_column width=\u00bb1\/2&#8243;][vc_column_text css=\u00bb\u00bb] VPH Virus del Papiloma Humano A partir de los 15 a\u00f1os a m\u00e1s\u00a0 son 3 dosis con un intervalo de 0, 2 y 6 meses. Es un grupo diverso de &hellip; <a href=\"https:\/\/biovacperu.com\/oficial\/adultos\/\" class=\"more-link\" title=\"Continue reading <span class=\"screen-reader-text\">Adultos<\/span>\u00ab>Continue reading <span class=\"screen-reader-text\">Adultos<\/span><\/a><\/p>\n","protected":false},"author":1,"featured_media":0,"parent":0,"menu_order":14,"comment_status":"closed","ping_status":"closed","template":"","meta":{"_joinchat":[],"footnotes":""},"class_list":["post-7718","page","type-page","status-publish","hentry"],"_links":{"self":[{"href":"https:\/\/biovacperu.com\/oficial\/wp-json\/wp\/v2\/pages\/7718","targetHints":{"allow":["GET"]}}],"collection":[{"href":"https:\/\/biovacperu.com\/oficial\/wp-json\/wp\/v2\/pages"}],"about":[{"href":"https:\/\/biovacperu.com\/oficial\/wp-json\/wp\/v2\/types\/page"}],"author":[{"embeddable":true,"href":"https:\/\/biovacperu.com\/oficial\/wp-json\/wp\/v2\/users\/1"}],"replies":[{"embeddable":true,"href":"https:\/\/biovacperu.com\/oficial\/wp-json\/wp\/v2\/comments?post=7718"}],"version-history":[{"count":24,"href":"https:\/\/biovacperu.com\/oficial\/wp-json\/wp\/v2\/pages\/7718\/revisions"}],"predecessor-version":[{"id":8572,"href":"https:\/\/biovacperu.com\/oficial\/wp-json\/wp\/v2\/pages\/7718\/revisions\/8572"}],"wp:attachment":[{"href":"https:\/\/biovacperu.com\/oficial\/wp-json\/wp\/v2\/media?parent=7718"}],"curies":[{"name":"wp","href":"https:\/\/api.w.org\/{rel}","templated":true}]}}