{"id":1375,"date":"2017-01-02T12:45:24","date_gmt":"2017-01-02T12:45:24","guid":{"rendered":"http:\/\/quanticalabs.com\/wp_themes3\/fable\/?page_id=1375"},"modified":"2021-02-10T10:04:14","modified_gmt":"2021-02-10T15:04:14","slug":"cart","status":"publish","type":"page","link":"https:\/\/biovacperu.com\/sitio\/cart\/","title":{"rendered":"Carrito de Compra"},"content":{"rendered":"\n<p>*No se aceptan devoluciones ni se reintegra dinero<\/p>\n<p>*Las compras son \u00fanicamente v\u00e1lidas en Lima Per\u00fa para ser colocadas en nuestras sedes de MIRAFLORES y SURCO. La aplicaci\u00f3n a domicilio significa un costo adicional de acuerdo al distrito y coordinaci\u00f3n con nuestro personal. Ciertas condiciones aplican.<\/p>\n","protected":false},"excerpt":{"rendered":"<p>*No se aceptan devoluciones ni se reintegra dinero *Las compras son \u00fanicamente v\u00e1lidas en Lima Per\u00fa para ser colocadas en nuestras sedes de MIRAFLORES y SURCO. La aplicaci\u00f3n a domicilio significa un costo adicional de acuerdo al distrito y coordinaci\u00f3n con nuestro personal. Ciertas condiciones aplican.<\/p>\n","protected":false},"author":1,"featured_media":0,"parent":0,"menu_order":0,"comment_status":"closed","ping_status":"closed","template":"","meta":{"footnotes":""},"class_list":["post-1375","page","type-page","status-publish","hentry"],"_links":{"self":[{"href":"https:\/\/biovacperu.com\/sitio\/wp-json\/wp\/v2\/pages\/1375","targetHints":{"allow":["GET"]}}],"collection":[{"href":"https:\/\/biovacperu.com\/sitio\/wp-json\/wp\/v2\/pages"}],"about":[{"href":"https:\/\/biovacperu.com\/sitio\/wp-json\/wp\/v2\/types\/page"}],"author":[{"embeddable":true,"href":"https:\/\/biovacperu.com\/sitio\/wp-json\/wp\/v2\/users\/1"}],"replies":[{"embeddable":true,"href":"https:\/\/biovacperu.com\/sitio\/wp-json\/wp\/v2\/comments?post=1375"}],"version-history":[{"count":6,"href":"https:\/\/biovacperu.com\/sitio\/wp-json\/wp\/v2\/pages\/1375\/revisions"}],"predecessor-version":[{"id":9360,"href":"https:\/\/biovacperu.com\/sitio\/wp-json\/wp\/v2\/pages\/1375\/revisions\/9360"}],"wp:attachment":[{"href":"https:\/\/biovacperu.com\/sitio\/wp-json\/wp\/v2\/media?parent=1375"}],"curies":[{"name":"wp","href":"https:\/\/api.w.org\/{rel}","templated":true}]}}